to base 6.
21455
-3a9 (base 13) to base 9
-787
What is 34275 (base 9) in base 15?
6b6e
2012301 (base 4) to base 5
234000
145a8 (base 15) to base 10
65408
What is 15c (base 14) in base 2?
100010110
What is -15301 (base 6) in base 10?
-2485
What is -912 (base 10) in base 9?
-1223
What is 147 (base 13) in base 11?
198
Convert -1222022 (base 3) to base 7.
-4124
What is 4719 (base 13) in base 3?
111201010
Convert 33875 (base 12) to base 11.
47624
36311 (base 7) to base 12
5548
What is -1022121101 (base 3) in base 10?
-25957
Convert -27874 (base 9) to base 2.
-100100111111100
485 (base 9) to base 7
1112
Convert -ed (base 16) to base 3.
-22210
-1ae (base 15) to base 6
-1445
What is -653 (base 8) in base 6?
-1551
-996 (base 13) to base 10
-1644
112613 (base 7) to base 3
1000201002
What is -313014 (base 5) in base 12?
-6014
3672 (base 12) to base 7
23612
What is -86 (base 13) in base 9?
-132
467 (base 16) to base 10
1127
Convert -6c0 (base 15) to base 14.
-7b4
24b (base 12) to base 13
209
Convert -521 (base 8) to base 3.
-110111
What is 1442 (base 5) in base 9?
304
Convert 69a (base 14) to base 10.
1312
What is -200311 (base 6) in base 4?
-3310303
Convert a (base 16) to base 10.
10
Convert -7137 (base 8) to base 13.
-18a0
-34278 (base 9) to base 2
-101100100110000
66b (base 12) to base 13
57b
-3859 (base 10) to base 15
-1224
What is -1a41 (base 16) in base 10?
-6721
What is -166 (base 16) in base 3?
-111021
Convert -65b (base 15) to base 14.
-748
70b9 (base 12) to base 15
395c
What is 1010221002 (base 3) in base 9?
33832
What is 21022202 (base 4) in base 16?
92a2
-14db (base 14) to base 9
-5084
-4a8 (base 13) to base 11
-680
What is -33000011 (base 4) in base 10?
-61445
-2214 (base 9) to base 7
-4522
-1122010201 (base 3) to base 13
-11851
Convert 7a54 (base 14) to base 4.
11023322
10010101 (base 2) to base 6
405
What is -93 (base 16) in base 13?
-b4
What is 5373 (base 8) in base 4?
223323
4052 (base 9) to base 7
11432
Convert 10524 (base 9) to base 13.
3247
What is 3089 (base 16) in base 2?
11000010001001
Convert 439 (base 13) to base 2.
1011010100
What is -110130 (base 4) in base 14?
-696
What is -417 (base 10) in base 15?
-1cc
Convert 41 (base 14) to base 12.
49
3513 (base 6) to base 3
1011000
-3a93 (base 13) to base 15
-2751
What is -122233 (base 5) in base 12?
-2871
-3003212 (base 4) to base 11
-9450
Convert 6575 (base 8) to base 4.
311331
Convert -101101001100 (base 2) to base 15.
-ccc
247 (base 10) to base 7
502
Convert -cb4 (base 13) to base 9.
-2876
What is 588 (base 11) in base 14?
381
What is 102141 (base 5) in base 15?
1031
What is -103576 (base 8) in base 11?
-24073
What is 5c4c (base 14) in base 9?
24123
What is -1122310 (base 6) in base 12?
-29396
What is 10270 (base 8) in base 11?
3241
What is 10201312 (base 4) in base 15?
576a
What is b9c0 (base 13) in base 4?
12103310
What is 3021 (base 6) in base 15?
2e1
Convert -765b (base 12) to base 15.
-3cdb
What is 2683 (base 9) in base 11?
1576
Convert 327 (base 12) to base 3.
122011
Convert 221432 (base 7) to base 3.
1222110122
-70 (base 14) to base 9
-118
385 (base 9) to base 11
271
Convert -1221 (base 7) to base 2.
-111001000
-2104 (base 5) to base 6
-1143
-b87b (base 14) to base 9
-47631
What is -13142 (base 5) in base 13?
-627
-23247 (base 13) to base 8
-175156
565 (base 16) to base 8
2545
-b332 (base 12) to base 6
-230102
Convert -102452 (base 9) to base 12.
-2b292
Convert 12cc4 (base 15) to base 5.
3412014
-383 (base 15) to base 9
-1076
-2024 (base 5) to base 4
-10020
Convert -741 (base 16) to base 15.
-83c
-1086 (base 9) to base 6
-3423
-12213 (base 4) to base 15
-1d3
6309 (base 12) to base 6
122013
Convert -cb9 (base 14) to base 7.
-10222
What is -a81 (base 15) in base 9?
-3224
-7c22 (base 13) to base 2
-100010000011011
Convert 3a90 (base 15) to base 4.
3003132
What is -21020113 (base 4) in base 7?
-214015
What is -1000012001 (base 3) in base 2?
-100110101101011
-5021 (base 9) to base 11
-2831
Convert -20a7 (base 11) to base 4.
-223123
Convert -34320 (base 5) to base 3.
-10101010
262 (base 8) to base 9
217
Convert 34524 (base 7) to base 15.
2943
What is -11102021 (base 3) in base 8?
-6224
-3833 (base 13) to base 8
-17461
Convert -25648 (base 10) to base 8.
-62060
What is 3633 (base 9) in base 6?
20303
What is -220021211 (base 3) in base 2?
-100010100101011
2222 (base 6) to base 5
4033
Convert -69 (base 13) to base 3.
-10020
109 (base 11) to base 5
1010
What is 212224 (base 5) in base 11?
5446
What is -74a8 (base 13) in base 5?
-1004233
What is 41031 (base 6) in base 12?
3177
Convert -15662 (base 9) to base 8.
-24774
-885 (base 14) to base 2
-11010010101
-1213 (base 6) to base 12
-209
What is 145b (base 13) in base 8?
5605
Convert 2692 (base 15) to base 11.
6209
Convert -12868 (base 10) to base 6.
-135324
Convert 111101110000 (base 2) to base 12.
2354
Convert 8e31 (base 15) to base 13.
1098a
What is -61 (base 7) in base 8?
-53
What is -472 (base 11) in base 14?
-2c3
-1146 (base 8) to base 2
-1001100110
What is 111106 (base 9) in base 12?
32536
-212021012 (base 3) to base 6
-210305
What is -844 (base 14) in base 13?
-983
What is 69a (base 16) in base 6?
11454
What is -10341 (base 11) in base 12?
-8861
-22221 (base 3) to base 8
-361
Convert -3024 (base 7) to base 14.
-54b
-3ba8 (base 12) to base 15
-209b
What is -2220 (base 5) in base 4?
-10312
What is 58a4 (base 13) in base 14?
478b
-10333 (base 4) to base 11
-270
Convert -654 (base 9) to base 3.
-201211
536 (base 10) to base 13
323
Convert 141101 (base 6) to base 16.
339d
Convert -110110111110000 (base 2) to base 9.
-42541
Convert a32a (base 11) to base 13.
6313
1212002 (base 3) to base 15
602
What is -1110000101 (base 2) in base 10?
-901
What is -2442 (base 11) in base 5?
-100232
2b54 (base 13) to base 5
200242
Convert -33332 (base 4) to base 12.
-712
-31114 (base 7) to base 2
-1110110110110
-3c7 (base 15) to base 4
-31132
350 (base 11) to base 12
2aa
What is 2778 (base 12) in base 8?
10714
Convert -61fd (base 16) to base 10.
-25085
Convert -97 (base 15) to base 10.
-142
20321 (base 5) to base 13
7ba
Convert -202001 (base 3) to base 14.
-2a9
Convert 51208 (base 9) to base 14.
c3d6
-224023 (base 5) to base 2
-1111101001101
Convert 174 (base 11) to base 3.
21111
Convert -17e (base 16) to base 6.
-1434
Convert -11022 (base 5) to base 7.
-2136
What is -23d3 (base 14) in base 9?
-8526
What is -b7 (base 12) in base 3?
-12011
What is d9e (base 15) in base 3?
11012212
What is -8707 (base 10) in base 12?
-5057
-124224 (base 5) to base 9
-6687
What is e562 (base 16) in base 10?
58722
What is -12020101 (base 3) in base 2?
-111011101001
Convert 2115 (base 8) to base 5.
13401
Convert 266305 (base 7) to base 8.
142066
What is -1cae (base 15) in base 3?
-22120002
2216 (base 10) to base 13
1016
What is 1101101111 (base 2) in base 12?
613
Convert 12056 (base 9) to base 3.
102001220
What is -22345 (base 6) in base 12?
-19b5
Convert 11a95 (base 13) to base 10.
32570
10903 (base 16) to base 15
1517d
What is 220 (base 14) in base 12?
2b0
-12054 (base 7) to base 16
-c36
1012200 (base 4) to base 11
3432
Convert 818 (base 12) to base 14.
5da
Convert 3c2 (base 13) to base 6.
3025
-a70c (base 14) to base 10
-28824
4048 (base 9) to base 12
1868
What is 255 (base 7) in base 3?
12010
Convert -14041 (base 6) to base 2.
-100010001001
-1102210111 (base 3) to base 11
-1a281
What is 11010010020 (base 3) in base 6?
1423010
Convert 2768 (base 12) to base 15.
152e
102003 (base 4) to base 5
14110
Convert 515 (base 6) to base 14.
d9
-17b2 (base 13) to base 4
-313011
-4590 (base 12) to base 13
-36a5
What is -ab (base 15) in base 13?
-c5
Convert -641 (base 12) to base 2.
-1110010001
Convert 93e (base 15) to base 4.
200210
What is -5a1 (base 14) in base 2?
-10001100001
-159 (base 14) to base 2
-100010011
What is -1271 (base 10) in base 14?
-66b
3759 (base 11) to base 16
1328
What is 10012011 (base 3) in base 14?
bc2
What is 101100010 (base 2) in base 7?
1014
What is 904 (base 13) in base 3?
2002111
-1d8b (base 14) to base 11
-4083
Convert -11010100100 (base 2) to base 4.
-122210
-918b (base 12) to base 11
-10967
10010010001 (base 2) to base 9
1538
What is 1e3 (base 16) in base 12?
343
Convert 14035 (base 7) to base 6.
25331
-164062 (base 7) to base 15
-9a04
Convert 582 (ba